r when 54 is divided by a.
12
What is the remainder when 17 is divided by (-12 - 0)*(-1)/2?
5
Let l = -7 - -28. Calculate the remainder when 60 is divided by l.
18
Let x = 0 - -4. Let i = 14 - x. What is the remainder when 29 is divided by i?
9
Let o(x) = x - 17. Calculate the remainder when 41 is divided by o(21).
1
Let s(h) = -2*h + 7. What is the remainder when 40 is divided by s(-7)?
19
Let c(v) = -2*v**2 - 6*v - 1 + 0*v + v + 3*v**2. Let h be c(5). What is the remainder when h/5 - 258/(-15) is divided by 9?
8
Suppose i = -i + 6. Calculate the remainder when 9 is divided by i.
0
Let a = 12 - -22. Let d be ((-29)/2)/(2/4). Let h = d + 41. What is the remainder when a is divided by h?
10
Calculate the remainder when 328/(-12)*6/(-4) is divided by 22.
19
Let z = -2 + 17. What is the remainder when z is divided by 11?
4
Let i = 3 + 0. Suppose o + i*o - 100 = 0. Let c = -7 - -20. What is the remainder when o is divided by c?
12
Suppose 20 - 78 = -2*i. Calculate the remainder when i is divided by 15.
14
Suppose u = 32 - 6. Suppose 2*m - 32 = -2*f, m = 4*f + 2*m - 58. What is the remainder when u is divided by f?
12
Let n(v) = -12*v + 10. Suppose 12 - 6 = -2*p. Calculate the remainder when n(p) is divided by 12.
10
Let c be 3/(-4) - (-174)/8. Let j = 2 + c. What is the remainder when j is divided by 8?
7
Let v(n) = n**2 - 10*n - 2. What is the remainder when 83 is divided by v(12)?
17
Suppose w - 4*b + 195 = 6*w, b = -5. What is the remainder when w is divided by 23?
20
Let h(d) = -d**3 + 7*d**2 - 3*d + 6. Calculate the remainder when 97 is divided by h(3).
31
Calculate the remainder when 63 is divided by (39/(-9))/(2/(-6)).
11
Let z(t) = -4*t + 1. Let v be z(-1). Let w be 5*(8/v)/4. Calculate the remainder when 5 is divided by (-1 - -1) + w*1.
1
Let b(u) = 3*u**2 + 3*u + 2. Calculate the remainder when b(3) is divided by 10.
8
Let s(n) = n**3 - 6*n**2 + 4. Let y be s(6). Let l be (2*(-2)/4)/1. Calculate the remainder when 55 is divided by 385/20 + l/y.
17
Calculate the remainder when 36 is divided by (-1)/(-3) + 190/15.
10
Let b = -109 - -130. Calculate the remainder when 228 is divided by b.
18
Let o(i) = i**3 + 4*i**2 - 6*i - 1. Let l be o(-5). Suppose l*t + 0*t - 5*b = 18, -6 = 2*t + 5*b. What is the remainder when 3 is divided by t?
1
Suppose l - 5*s = -0*l + 24, -3*s + 8 = 5*l. Suppose 3*f - 2*b = 2*f + 25, -2*b - 8 = 0. Calculate the remainder when f is divided by l.
1
Let n(b) = -295*b + 1. Let a be n(1). Calculate the remainder when 5/20 + a/(-8) is divided by 13.
11
Calculate the remainder when 1/(-3) - 13/((-78)/92) is divided by 9.
6
Let b be (-12)/18*(-3 + 0). Suppose 0 = -4*h + b*h + 18. What is the remainder when 25 is divided by h?
7
Let v(z) = 15*z + 4. Let d be v(-4). Let f = -25 - d. Suppose -2*k = -3*k + 2*o + f, 2*o + 6 = 0. Calculate the remainder when k is divided by 13.
12
Let a be 0*(-1)/1*-1. Suppose a*l - 24 = -3*l - 3*q, -l - 1 = -2*q. Calculate the remainder when 5*(54/10)/3 is divided by l.
4
Suppose 9*c - 839 = 313. What is the remainder when c is divided by 44?
40
Suppose -2*n + 0*n - 50 = -4*c, -3*c + 40 = -n. Calculate the remainder when c is divided by 8.
7
Suppose -5*m = -10 - 20. What is the remainder when 11 is divided by m?
5
Suppose -2*c + 68 = 2*c. Let t = -30 - -79. Calculate the remainder when t is divided by c.
15
Let w be (-3)/(3/(-56)*-1). Let k be 0 + 0/(-3) - 34. Let g = k - w. Calculate the remainder when g is divided by 12.
10
Let t(c) = 12*c**2 + 6*c - 6. Let h be t(-5). Suppose 0*n - n + h = 0. Suppose -64 = 5*m - n. What is the remainder when m is divided by 21?
19
Suppose 3*f + 2*r - 136 = 0, 5*f - r = r + 232. Calculate the remainder when 181 is divided by f.
43
Suppose 56 = 2*y - 4. Calculate the remainder when 88 is divided by y.
28
Let k = 16 - 6. What is the remainder when k is divided by (-4)/(-5)*(-3 + 8)?
2
Suppose 222*c + 60 = 232*c. Let j(x) = x**3 - x**2 - x + 15. What is the remainder when j(0) is divided by c?
3
Suppose -4*n + 9 + 10 = 3*s, n = -2*s + 6. Suppose -5*j = n*x - 74 - 19, -57 = -3*j - 2*x. What is the remainder when 41 is divided by j?
20
Let y = 9 + -1. What is the remainder when 22 is divided by 66/y + (-1)/4?
6
Suppose -5*c + 4*n + 4 = 0, -c - n + 2*n = 0. What is the remainder when 21 is divided by 3/6 - (-22)/c?
3
Suppose -a + 42 = 5*y, 2*a + 12 = 5*y + 36. What is the remainder when 42 is divided by a?
20
Suppose -l + 3*l - 4 = 0. Suppose c = -4*b - b + 269, l*b - 5*c - 86 = 0. Calculate the remainder when b is divided by 14.
11
Let g = 35 - 21. Suppose -2*p - 3*i + 1 = 2, p + i = 1. Calculate the remainder when g is divided by p.
2
Suppose -5*j - 2*m + 271 = 0, -63 = 3*j + m - 225. What is the remainder when j is divided by 14?
11
Suppose 0 = 2*a - 3*y - 18, 3*y - 2 = -a + 7. Calculate the remainder when (8/(-10))/((-4)/50) is divided by 3/a - 44/(-12).
2
Let z = -6 + 25. Let n(x) = 4 - 3 + 2*x**3 - x**3 - x**2 - x**2. What is the remainder when z is divided by n(3)?
9
Let c(b) = 2*b - 5. Suppose 0 = -m, 0 = i - 5*m + 3 - 7. Calculate the remainder when 3 is divided by c(i).
0
Let x(g) = -1 - g**3 - 2*g**2 + 2 + 1 - 4*g + 2. Let p = 5 + -9. Calculate the remainder when x(p) is divided by 18.
16
Suppose 6*p - 3*p + 18 = 0. Let y(i) = i**2 - i + 1. Calculate the remainder when y(p) is divided by 23.
20
Let n(d) = d**2 + 5*d + 11. Let i be 1/(-5) - 22/(-10). Suppose -i*q - 9 = -3*q. What is the remainder when n(-6) is divided by q?
8
Let l = -1 + 1. Suppose h + 2*h = u - 33, l = -h - 5. What is the remainder when u is divided by (15/10)/((-3)/(-20))?
8
Let n(s) = -s**3 + s**2 + 3*s - 2. What is the remainder when 17 is divided by n(-2)?
1
Suppose 5*d = 5*x + 5, 2*x + 9 = 5*d - 2. Suppose x*p - 171 = -523. What is the remainder when 41 is divided by p/(-12) - (-2)/(-3)?
13
Let v = 11 - 7. Let b(c) = c**3 + 7*c**2 + 5*c + 5. What is the remainder when b(-6) is divided by v?
3
Calculate the remainder when 107 is divided by 4/(-22) + 2568/88 + -2.
26
What is the remainder when 82 is divided by -14*(-2 + (-16)/(-14))?
10
Let x(u) = -u**3 + 7*u**2 - 2*u - 9. Calculate the remainder when 61 is divided by x(5).
30
Let u be ((-12)/(-10))/(6/15). Let v(g) = 3*g + 3. Let j(f) = -3*f - 5. What is the remainder when v(u) is divided by j(-4)?
5
Let o(t) = 8*t - 18. What is the remainder when o(12) is divided by 20?
18
Let v(s) = 4*s - 4. Let j be (-3)/(9/39)*-1. Let i = j + -5. Calculate the remainder when v(i) is divided by 15.
13
Suppose -78 = 5*u - 88. What is the remainder when 3 is divided by u?
1
Suppose i = -4*x + 41, -2*x = -4*i + 6 - 4. Let w = 13 + 0. Let p = w - -12. Calculate the remainder when p is divided by x.
7
Let m = -19 + 67. Let p be (-1)/(-5) - m/(-10). Suppose -3*v = 5*j - 10 - p, j + 13 = v. What is the remainder when 17 is divided by v?
7
Suppose v - 3 = -0*v. Suppose 0 = 7*z - 12*z + 30. Calculate the remainder when z is divided by v.
0
Let j(y) = 2*y**2 + 5*y - 14. What is the remainder when j(-7) is divided by 17?
15
Let g(d) = -4*d - 31. What is the remainder when 8460/65 + 2/(-13) is divided by g(-16)?
31
Let i be (-1 + -47)/((-2)/4). Suppose i + 9 = -5*l. Calculate the remainder when 11 is divided by 60/14 + 6/l.
3
Suppose -8*l = -5*l - 99. What is the remainder when 130 is divided by l?
31
Suppose 0 = -6*r + 100 + 26. What is the remainder when 40 is divided by r?
19
Suppose -p + 4*j = -19, 2*j + 8 = -0*j. What is the remainder when p is divided by 2?
1
Let s(o) = -8*o**3 - 1. Let k be s(-1). Suppose 5*f = k*f - 74. Let d = 34 + -21. What is the remainder when f is divided by d?
11
Let n be 0*(2 - 10/4). Suppose 4*f - q + 9 = n, 0 = -5*f + 3*f + 2*q - 6. Let w = 14 + f. What is the remainder when 35 is divided by w?
11
Let q(c) = -26*c - 18. Let y(x) = 3*x**2 + x - 1. Let r be y(1). Let h(s) = 5*s - 3. Calculate the remainder when q(-2) is divided by h(r).
10
Let b(p) = p**3 - 7*p**2 + 4. Let u be b(7). Suppose 4*o - 4 - u = 0. Suppose 0 = 5*g, -o*k + 4*k - 38 = -4*g. Calculate the remainder when k is divided by 7.
5
Let l be (6/(-5))/(3/(-1530)). Suppose -2*h - 2*h = -l. Let q = -106 + h. What is the remainder when q is divided by 16?
15
Suppose -5*d + 54 = 2*b, -3*b - 3 + 30 = 3*d. What is the remainder when d is divided by 8?
4
Suppose 5*k 